e 12) to base 16
-2
0 (base 6) to base 9
0
What is -100 (base 3) in base 16?
-9
What is 0 (base 6) in base 16?
0
Convert -305 (base 6) to base 10.
-113
-165 (base 11) to base 8
-300
Convert 2 (base 13) to base 3.
2
What is -10 (base 10) in base 6?
-14
What is 5 (base 16) in base 11?
5
What is 213 (base 7) in base 12?
90
What is 110 (base 4) in base 2?
10100
What is -15 (base 15) in base 12?
-18
Convert 11 (base 15) to base 14.
12
Convert 4d (base 15) to base 14.
53
What is -11 (base 6) in base 4?
-13
332 (base 4) to base 14
46
-10110 (base 2) to base 14
-18
220 (base 3) to base 16
18
Convert -24 (base 10) to base 6.
-40
Convert 2 (base 4) to base 2.
10
Convert -2 (base 4) to base 15.
-2
0 (base 3) to base 16
0
What is -105 (base 6) in base 9?
-45
4 (base 14) to base 16
4
Convert -3 (base 16) to base 2.
-11
What is -2010 (base 4) in base 8?
-204
Convert 2a (base 16) to base 4.
222
Convert 10 (base 6) to base 9.
6
-6 (base 13) to base 10
-6
Convert -107 (base 12) to base 14.
-ab
What is 0 (base 4) in base 7?
0
Convert 10 (base 7) to base 5.
12
Convert -11022 (base 3) to base 5.
-431
-2010 (base 3) to base 2
-111001
131 (base 4) to base 14
21
What is 2 (base 16) in base 14?
2
Convert -2 (base 11) to base 12.
-2
What is -2 (base 7) in base 3?
-2
What is 0 (base 14) in base 9?
0
Convert -1111011 (base 2) to base 6.
-323
What is -25 (base 16) in base 13?
-2b
Convert -69 (base 15) to base 3.
-10200
5 (base 10) to base 16
5
Convert -49 (base 13) to base 7.
-115
What is 17 (base 11) in base 6?
30
-6 (base 9) to base 13
-6
Convert 5 (base 11) to base 6.
5
Convert 245 (base 7) to base 8.
203
Convert -220 (base 3) to base 13.
-1b
-20 (base 4) to base 10
-8
Convert 5 (base 16) to base 11.
5
What is 6 (base 16) in base 4?
12
-5 (base 10) to base 7
-5
What is 41 (base 8) in base 16?
21
What is 18 (base 12) in base 13?
17
Convert 5c (base 13) to base 10.
77
-25 (base 7) to base 2
-10011
Convert 0 (base 5) to base 8.
0
Convert -2 (base 6) to base 11.
-2
11 (base 5) to base 13
6
Convert -5 (base 12) to base 3.
-12
What is 142 (base 7) in base 4?
1033
Convert 0 (base 16) to base 12.
0
What is -11 (base 6) in base 4?
-13
Convert 4 (base 9) to base 7.
4
What is 1 (base 8) in base 9?
1
Convert -100 (base 13) to base 15.
-b4
55 (base 6) to base 5
120
Convert -156 (base 12) to base 3.
-21210
-2 (base 6) to base 2
-10
50 (base 6) to base 3
1010
31 (base 7) to base 15
17
What is -14 (base 5) in base 8?
-11
-4c (base 14) to base 9
-75
33 (base 15) to base 2
110000
Convert -4 (base 12) to base 16.
-4
What is 0 (base 2) in base 15?
0
What is -2 (base 6) in base 5?
-2
What is -1 (base 12) in base 15?
-1
Convert -113 (base 5) to base 12.
-29
11 (base 4) to base 10
5
Convert 5d (base 14) to base 13.
65
43 (base 14) to base 7
113
What is -6 (base 7) in base 11?
-6
-4 (base 10) to base 2
-100
Convert -405 (base 8) to base 5.
-2021
What is -144 (base 5) in base 3?
-1211
-535 (base 9) to base 12
-305
0 (base 13) to base 16
0
What is 8c (base 15) in base 12?
b0
What is 15 (base 16) in base 3?
210
Convert 11 (base 12) to base 11.
12
What is 1 (base 14) in base 8?
1
20 (base 3) to base 11
6
What is 13 (base 8) in base 16?
b
-187 (base 10) to base 3
-20221
Convert 100011001 (base 2) to base 14.
161
-1 (base 2) to base 16
-1
-24 (base 5) to base 10
-14
6 (base 13) to base 6
10
What is 10110 (base 2) in base 13?
19
Convert -12 (base 10) to base 9.
-13
What is 7 (base 15) in base 13?
7
What is -37 (base 12) in base 8?
-53
Convert -1 (base 7) to base 5.
-1
What is -27 (base 8) in base 15?
-18
Convert -3 (base 4) to base 14.
-3
What is 11 (base 16) in base 12?
15
What is -1142 (base 6) in base 15?
-138
Convert -6 (base 14) to base 11.
-6
-4 (base 11) to base 3
-11
Convert -20 (base 7) to base 11.
-13
Convert 4 (base 12) to base 4.
10
-13 (base 11) to base 10
-14
Convert -31 (base 15) to base 12.
-3a
Convert -6 (base 10) to base 5.
-11
Convert -1 (base 5) to base 14.
-1
What is 4 (base 12) in base 8?
4
Convert -9 (base 12) to base 7.
-12
What is -4 (base 5) in base 2?
-100
What is -1 (base 9) in base 8?
-1
Convert 7 (base 11) to base 14.
7
2 (base 5) to base 16
2
c (base 14) to base 9
13
-7 (base 16) to base 9
-7
Convert 6 (base 13) to base 10.
6
What is -111 (base 12) in base 16?
-9d
What is 13 (base 5) in base 16?
8
Convert -14 (base 13) to base 5.
-32
Convert -201 (base 4) to base 2.
-100001
What is -13 (base 6) in base 15?
-9
27 (base 11) to base 12
25
Convert 463 (base 7) to base 12.
181
Convert 110001 (base 2) to base 8.
61
-3 (base 6) to base 13
-3
What is 1 (base 16) in base 8?
1
-12112 (base 3) to base 13
-b6
Convert -32 (base 11) to base 10.
-35
-4 (base 9) to base 11
-4
What is 10012 (base 3) in base 12?
72
-143 (base 5) to base 4
-300
What is -11 (base 6) in base 5?
-12
Convert 430 (base 7) to base 8.
331
1 (base 7) to base 13
1
Convert -3 (base 12) to base 3.
-10
10100101 (base 2) to base 5
1130
What is -12 (base 7) in base 11?
-9
Convert 1d2 (base 15) to base 9.
518
Convert 0 (base 11) to base 7.
0
Convert -2 (base 15) to base 11.
-2
-10000 (base 2) to base 11
-15
What is -1000 (base 3) in base 13?
-21
-321 (base 11) to base 3
-112022
Convert 8a (base 11) to base 2.
1100010
What is -c (base 16) in base 3?
-110
-1 (base 13) to base 10
-1
What is 142 (base 5) in base 6?
115
Convert 12 (base 13) to base 9.
16
Convert -6 (base 16) to base 3.
-20
22 (base 11) to base 10
24
-102 (base 5) to base 2
-11011
Convert -5 (base 6) to base 14.
-5
What is 42 (base 8) in base 15?
24
-2 (base 11) to base 6
-2
Convert 0 (base 9) to base 2.
0
What is 523 (base 6) in base 12?
143
-2 (base 15) to base 12
-2
Convert -4 (base 7) to base 10.
-4
What is -1b (base 15) in base 14?
-1c
What is -121 (base 3) in base 8?
-20
42 (base 11) to base 7
64
What is 10 (base 7) in base 14?
7
Convert 2244 (base 5) to base 9.
400
What is -336 (base 7) in base 15?
-b9
What is 1 (base 6) in base 15?
1
What is -42 (base 13) in base 4?
-312
What is 67 (base 11) in base 10?
73
10 (base 3) to base 9
3
1 (base 11) to base 15
1
What is 11 (base 6) in base 3?
21
What is 3 (base 7) in base 16?
3
What is -133 (base 7) in base 9?
-81
-f9 (base 16) to base 10
-249
What is 22 (base 16) in base 4?
202
-4 (base 8) to base 6
-4
9a (base 12) to base 3
11101
What is e (base 16) in base 7?
20
Convert d0 (base 16) to base 13.
130
What is -2200 (base 3) in base 10?
-72
What is 28 (base 10) in base 6?
44
What is 22 (base 6) in base 3?
112
Convert -6 (base 13) to base 16.
-6
What is -2 (base 7) in base 12?
-2
6 (base 12) to base 8
6
What is 1 (base 12) in base 9?
1
What is -11000 (base 2) in base 6?
-40
Convert -321 (base 5) to base 6.
-222
What is 22 (base 16) in base 5?
114
Convert 3 (base 9) to base 13.
3
What is -14 (base 6) in base 13?
-a
Convert -310 (base 7) to base 10.
-154
What is -4 (base 7) in base 11?
-4
2 (base 7) to base 4
2
Convert -12 (base 5) to base 8.
-7
-5 (base 15) to base 11
-5
What is -5 (base 9) in base 5?
-10
31 (base 11) to base 4
202
21 (base 13) to base 8
33
What is -2 (base 9) in base 14?
-2
What is 201 (base 4) in base 11?
30
What is -3 (base 9) in base 3?
-10
Convert -145 (base 9) to base 16.
-7a
Convert -8 (base 13) to base 14.
-8
What is 38 (base 14) in base 15?
35
-100110 (base 2) to base 12
-32
31 (base 4) to base 16
d
Convert 5 (base 16) to base 10.
5
Convert -b (base 12) to base 11.
-10
Convert 34 (base 10) to base 8.
42
-10001 (base 2) to base 16
-11
What is -7 (base 12) in base 6?
-11
29 (base 14) to base 13
2b
What is 3 (base 14) in base 10?
3
Convert -13 (base 11) to base 5.
-24
What is 42 (base 11) in base 16?
2e
What is 8 (base 11) in base 7?
11
5 (base 11) to base 12
5
1 (base 5) to base 9
1
Convert -10022 (base 3) to base 15.
-5e
What is 1000101 (base 2) in base 14?
4d
Convert 0 (base 15) to base 4.
0
What is -3 (base 5) in base 16?
-3
What is 6b (base 14) in base 3?
10112
Convert 74 (base 9) to base 14.
4b
What is -31 (base 4) in base 13?
-10
What is 2 (base 4) in base 5?
2
Convert -7 (base 9) to base 13.
-7
Convert -10000 (base 3) to base 14.
-5b
What is d (base 15) in base 8?
15
Convert 1303 (base 6) to base 14.
195
What is 1212 (base 3) in base 4?
302
5 (base 10) to base 4
11
Convert -10 (base 2) to base 6.
-2
-5 (base 10) to base 12
-5
-15 (base 6) to base 2
-1011
Convert 42 (base 8) 